j(b) = -b**3 + 2*b**2 - 2*b. Let a be j(2). List the prime factors of n(a).
2, 11
Let l = 126 + -76. Let x = 55 - l. What are the prime factors of 5*x/(-3 - -8)?
5
Suppose -13*d + 7784 + 3877 = 0. Suppose -3*l - v + 2*v + 669 = 0, -4*l + 3*v + d = 0. What are the prime factors of l?
2, 3, 37
Let z(r) be the first derivative of r**4/4 + 8*r**3/3 - 11*r**2 + r + 5. Let g be 2/(-1)*(1 + 4). What are the prime factors of z(g)?
3, 7
Suppose -d - 4 = -0*d, -5*j + 4*d = -56. Suppose -j*p + 4*p = -20. List the prime factors of (0 + 268)*((-5)/(-2))/p.
2, 67
Let o(z) = z**2 - 8*z + 13. Let q be o(5). List the prime factors of (-780)/(-4 + -1) + (q - -6).
2, 5
Let n = 41 - 32. Suppose -18 = -0*r + n*r. Let g(p) = -p**2 - 2*p + 2. List the prime factors of g(r).
2
Let i = -5 - -7. Suppose -u + 17 = 15. Suppose 194 = i*b + u. List the prime factors of b.
2, 3
List the prime factors of (5*(-72)/240)/(6/(-42844)).
10711
Let p(s) = s**3 + 9*s**2 - 9*s - 37. Let z be p(-8). Let d = 7 + -2. Suppose 0 = 4*c - 2*w + 7*w - 99, 2*w = d*c - z. What are the prime factors of c?
3, 7
Let k(f) = -f - 115. Let d be k(38). What are the prime factors of ((-154)/21)/(3/d) - -3?
13, 29
Let y(x) = 940*x + 2946. List the prime factors of y(5).
2, 3823
Suppose 0 = 2*i - 14, -574 = -5*r - 5*i + 42476. List the prime factors of r.
7, 1229
Suppose -6212 + 948 = -4*p. Suppose 5*c + 1963 = 3*o, -8*c + 4*c + p = 2*o. What are the prime factors of o?
2, 41
Let j be (-31 + 8 + 1)*2/4. List the prime factors of -708*(j/4 - 0).
3, 11, 59
Let h(v) = -8147*v + 1297. What are the prime factors of h(-5)?
2, 37, 71
What are the prime factors of (0/1 - 94980/45)/((-4)/6)?
2, 1583
Let g = -24 + 18. Let s be -3*4/g + 0. Suppose -153 = -s*b + 137. What are the prime factors of b?
5, 29
Let m = 28013 + -15267. List the prime factors of m.
2, 6373
Suppose 3090 = 48*i - 42*i. Let m = 1270 - i. What are the prime factors of m?
5, 151
Let g = -26745 - -92429. List the prime factors of g.
2, 16421
Suppose -b + 6*b - 3850 = 0. Suppose -6*m - b = -m. Let v = -81 - m. What are the prime factors of v?
73
Suppose -2*d = 4*u - 7*d - 8, -11 = -u - d. Let o = 7 - u. Suppose 2*s - 72 = -o*a + 2*a, -s - a = -44. List the prime factors of s.
2, 5
Let n be 2/(-4)*(-9683 - -11). Suppose n - 381 = 15*d. What are the prime factors of d?
3, 11
Let o(i) = -210*i - 225. List the prime factors of o(-7).
3, 5, 83
Let m(c) = -2*c - 1. Let r(w) = 24*w + 10. Let a(z) = 48*m(z) + 3*r(z). What are the prime factors of a(-14)?
2, 3, 53
Let s be (-4 - (-34)/8) + 27/(-12). List the prime factors of 6/s*(-5302)/33.
2, 241
Suppose -2*m + 4*y - 3*y = -111192, 4*m = y + 222384. What are the prime factors of m?
2, 3, 41, 113
Let d(s) = s**2 - 12*s + 29. Let u be d(9). Let y be (-11 + 37)/(u*-1). Let x(c) = -10*c - 61. List the prime factors of x(y).
3, 23
Suppose -x - 1 = k, -2*x - 4 = -3*k - 22. Suppose 1230 = 5*a + 3*b, -2*a + x*b + 488 = -25. List the prime factors of a.
3, 83
Suppose -5*i + 15948 + 17892 = 0. What are the prime factors of i?
2, 3, 47
Let c = 325 + -77. Suppose -170 = h + 2*k, c = -2*h - 2*k - 86. Let b = h - -252. What are the prime factors of b?
2, 11
Suppose 87*i - 93*i = 0. Suppose i = 10*c + 618 - 1808. What are the prime factors of c?
7, 17
Suppose -8*f + 85 = -3. Suppose -1591 = -3*z + x, -5*z + 8*x - f*x + 2675 = 0. What are the prime factors of z?
2, 7, 19
Let l(m) = -14*m**3 - 6*m - 9. Let k = 799 - 801. What are the prime factors of l(k)?
5, 23
Suppose -5*a + 851108 = 17*f - 7*a, 3*f + 2*a = 150212. What are the prime factors of f?
2, 25033
Let g(d) = 155*d**2 + 2*d - 4. Let k(t) = 311*t**2 + 3*t - 7. Let s(i) = -5*g(i) + 3*k(i). Let c = 1297 - 1298. List the prime factors of s(c).
2, 79
Let k(o) = -o**3 - 17*o**2 - 13*o + 17. Let a be k(-15). Let t = 581 + a. What are the prime factors of t?
7
Let n(a) = a**3 - a - 1. Let s(j) = -26*j**3 + 7*j + 2. Let m(u) = -4*n(u) - s(u). Let o be m(1). Suppose 10*i = 7*i + o. List the prime factors of i.
7
Suppose -27980 = -3*f - 5*y, f + 16*y - 18*y - 9334 = 0. Suppose f = 30*i - 15*i. List the prime factors of i.
2, 311
Let d = -66 - -50. Let m(x) = -x**3 - 14*x**2 + 31*x - 11. Let a be m(d). Suppose a*i = 3*k - 142 - 15, 2*k - 96 = -i. List the prime factors of k.
7
Suppose -m + 123 = -89. Let b = m - 51. List the prime factors of b.
7, 23
Suppose 5*c = 6*c - 51*c + 407600. What are the prime factors of c?
2, 1019
Let p(i) = 22*i - 3*i**2 + i - 10*i - 7*i - i**3 - 8. Let q be p(4). Let t = q + 235. What are the prime factors of t?
139
Let y be (-2)/11 + (-8285)/(-11) + 6. Let a = -526 + y. List the prime factors of a.
233
Let w be 60717/27 - 22/(-99). Let a = w - 1348. What are the prime factors of a?
17, 53
Let k = 216 + -191. List the prime factors of (-5)/k - 6258/(-15).
3, 139
Suppose 0 = -2*a + 3*a - 0*a - 7532. List the prime factors of a.
2, 7, 269
Let n be (22/11 - -2*1) + 1. Let p(v) = 3*v**3 - v**2 + 2*v + 10. List the prime factors of p(n).
2, 5, 37
Let o(l) = -l**2 + 12*l + 16. Let b be o(13). List the prime factors of -5 + (442/b)/((-8)/(-12)).
2, 3
Let o = 10198 + 11104. List the prime factors of o.
2, 10651
Let b = -2059 + 2700. What are the prime factors of b?
641
Let p = -684 - -1255. Let g = -403 + p. Suppose 6*y - 276 - g = 0. List the prime factors of y.
2, 37
Let d(y) = y**3 - 127*y**2 + 118*y + 1061. List the prime factors of d(127).
3, 1783
Let b(m) = 126*m**2 + 79*m - 339. List the prime factors of b(5).
2, 7, 229
Let y(w) = -12*w**2 + w**3 - 18*w + 19*w**2 - 82 - w**2 - 15*w + 22*w**2. What are the prime factors of y(-29)?
2, 17
Let b be (1 + 0)*-2*(-99)/6. Let w = b + -39. What are the prime factors of (15 + -12)/(w/(-130))?
5, 13
Suppose -302*r = -354*r + 384436. List the prime factors of r.
7393
Suppose -4*w + 20 = -2*p - 0*p, -p - 4 = -4*w. Let c = 134 + p. Suppose -7*u + c + 701 = 0. List the prime factors of u.
3, 13
Let c be 1*(-20)/8*8/(-10). Suppose -4*r = 4*f - 796, -618 = -3*f - c*r - 23. Let j = f + -112. What are the prime factors of j?
5, 17
Let p(m) = -145*m**2 - 11*m - 14. Let n be p(-2). Let s = n + 842. What are the prime factors of s?
2, 3, 5
What are the prime factors of -3 - (246/4)/(1/(-1600)*15)?
79, 83
Suppose -19*m + 4*m + 40500 = 0. Let b = -1892 + m. What are the prime factors of b?
2, 101
Let u(h) = -2*h**3 - 25*h**2 + 137*h + 19. Let o(t) = t**3 + 12*t**2 - 69*t - 9. Let r(a) = -5*o(a) - 3*u(a). What are the prime factors of r(6)?
2, 3, 29
Suppose -10*t - 105 = -31*t. Suppose 4*m - 170 = -5*g + 111, -t*m - g + 325 = 0. List the prime factors of m.
2
List the prime factors of ((-99144)/(-15) - -3) + (-72)/45.
11, 601
Suppose 3*o = 4*a + 16, 3*a + 2*o + 2*o + 37 = 0. Let k be 9/21 + (-1313)/a. What are the prime factors of ((-3)/6)/((-2)/k)?
47
Suppose -20*w = -15*w + 20. What are the prime factors of 84/56*422/3 - w?
5, 43
Let a(z) = 2*z**2 - 2*z - 1. Let w(s) = s**3 - 35*s**2 - 15*s + 15. Let h(l) = 4*a(l) - w(l). List the prime factors of h(43).
2, 3, 47
Suppose 0 = -6*x + 8*x. List the prime factors of 413 + (-5 - x/(-3)).
2, 3, 17
Let y(i) = -7*i**2 - 5*i + 5. Let d be y(2). Let n = 41 + d. Suppose n*l - 152 = 4*l. List the prime factors of l.
2, 19
Let i = 21 + 32. Suppose 6*b - 210 = 3*b. Suppose -i*o + 52*o = -b. What are the prime factors of o?
2, 5, 7
Let x be -15 + 18 + (-798)/(9/(-3)). Suppose -5*v = -o + 1469 + x, 5*o = -4*v + 8806. What are the prime factors of o?
2, 3, 293
Suppose 65*z - 4 = 64*z. Suppose -209 = -u + 5*s, -4*u = -9*u + 2*s + 953. Suppose c = z*c - u. List the prime factors of c.
3, 7
Let c = -4424 + 4792. List the prime factors of c.
2, 23
Let b = -12889 + 19983. What are the prime factors of b?
2, 3547
Let g(a) = -3*a + 6. Let t be g(-9). Suppose -t = -24*c + 21*c. What are the prime factors of (-2)/(1 - c/9)?
3
Let q = 8623 + 7508. List the prime factors of 104/39 + q/9.
5, 359
Let q be (15 + -9)*4/(-6). Let s be 5 - 9 - (q + 0). Suppose s = k - 27 + 24. What are the prime factors of k?
3
Suppose -4*a + 3*q = -39222, -3*a + 986*q - 981*q + 29422 = 0. List the prime factors of a.
2, 3, 19, 43
Let y = -2937 - -12714. What are the prime factors of y?
3, 3259
Suppose m - 128 + 15 = 0. Let n be (0 - -1)/((-1)/(-2)). Suppose 0 = n*s - 49 - m. What are the prime factors of s?
3
L